 Suppose -3*x + i*s + 413 = 0, -2*s - 937 = -5*x - 246. List the prime factors of x.
139
Let s(b) = -6*b**3 - 27*b**2 - 5*b + 5. List the prime factors of s(-7).
5, 31
Let x = -59 + 404. List the prime factors of x.
3, 5, 23
Let t(x) = 19*x - 15. Suppose -3*f - 2*i + 1 + 10 = 0, 0 = -4*f + 2*i + 10. What are the prime factors of t(f)?
2, 3, 7
Suppose -3*r + 2*f = 96, 0 = r + r - 3*f + 64. Let b = 53 + r. What are the prime factors of b?
3, 7
Suppose -4611 = -2*j - 3*f, 4*f = j - 2716 + 416. List the prime factors of j.
2, 3
Suppose 0 = -2*s - 3*k + 214, 2*k - 331 = -3*s - 0*k. Suppose 2*b - s = 79. What are the prime factors of b?
2, 3
Let y = -21 + 23. Let o be (2/8)/(y/16). Suppose o*z + z = 153. List the prime factors of z.
3, 17
Suppose 3*k + 0*k = -3*y, 12 = k - 3*y. Suppose -4*n = k*v - 28, 0*n = 3*n + 6. Suppose 5*z - 2*z = 3*p + 102, -v = 4*p. What are the prime factors of z?
31
Let z(g) = g**3 - 24*g**2 + 15*g + 72. List the prime factors of z(24).
2, 3
Suppose 3*i = -4*m + 2257, 5*i - m = 2*i + 2267. Suppose -4*p - 145 = -v, 5*v + 0*v = 5*p + i. What are the prime factors of v?
3, 17
Let m be (2/4)/(4/16). Suppose m*r - 58 = r + 5*p, p = -2*r + 116. What are the prime factors of r?
2, 29
Let o = 54 + -54. Suppose o*h - 8*h + 1792 = 0. List the prime factors of h.
2, 7
Let n = 14 + -33. Suppose 0 = 4*f - 3*i - 2*i - 112, -4*f - 2*i + 112 = 0. Let o = n + f. List the prime factors of o.
3
Suppose 4*b + 3*l - 63 = 0, -3*b + 3*l + 41 = 4*l. Suppose b = 4*o, -o + 3*o - 159 = -3*t. What are the prime factors of t?
3, 17
Let f(n) = -17 - n - n + 5. Let o be f(-8). List the prime factors of (o/6)/(2/15).
5
List the prime factors of (-80997)/(-84) - 3/12.
2, 241
Let q = 12 - -2. Let d = 9 - q. What are the prime factors of ((-39)/d)/(1/5)?
3, 13
Suppose 11*y = -1307 + 13385. What are the prime factors of y?
2, 3, 61
Suppose -4*w + j + 246 = -163, -5*j = 5. Suppose w = 3*i - 177. List the prime factors of i.
3, 31
Let r be -1 + (3 + -4 - -2). Let l = r - -43. What are the prime factors of l?
43
Suppose 2*f = -246 + 428. List the prime factors of f.
7, 13
Let w(x) be the third derivative of x**6/60 - x**5/15 - 5*x**4/12 + 7*x**3/6 + 49*x**2. What are the prime factors of w(5)?
107
Suppose -31*b + 6139 + 7098 = 0. List the prime factors of b.
7, 61
Let x = -58 - -55. What are the prime factors of ((2 + 1)/3)/(x/(-51))?
17
Let b = 163 + -59. What are the prime factors of b?
2, 13
Let h(z) = -5*z + 1. Let f be h(6). Let y(c) = -2*c + 42. Let m be y(-8). Let n = f + m. List the prime factors of n.
29
Let a = -5 + 3. Let z = a - -9. Let l = z - 0. List the prime factors of l.
7
Let f(x) be the first derivative of x**4/4 - 8*x**3/3 - x - 26. What are the prime factors of f(9)?
2, 5
Suppose 808 = -2*u + 17028. List the prime factors of (-1)/((-45)/u) - (-4)/(-18).
2, 3, 5
Let k(z) = 106*z**2 - z - 1. Let a be k(-1). Suppose 76 + a = 7*b. What are the prime factors of b?
2, 13
Suppose 2*r - 5*p = -2 - 17, -3*p = -5*r. Suppose d + 66 = r*d. List the prime factors of d.
3, 11
Let u be (-12)/(-4) - (-2)/1. Suppose -2*d + 570 = 2*d + 2*s, -705 = -5*d - 4*s. Suppose d = u*v - 5*p, -66 = -2*v - p - p. What are the prime factors of v?
31
Suppose -4544 = -12*w - 152. What are the prime factors of w?
2, 3, 61
Let h = -683 + 1839. What are the prime factors of h?
2, 17
Let h be (16/48)/(2/(-6)). List the prime factors of (5 - 4)*(h - (-141 + -2)).
2, 71
Let z = 880 - 685. List the prime factors of z.
3, 5, 13
Suppose 4*n + 3*c - 9 = 0, -2*n + c + 6 = 3*c. Suppose 399 = 3*m - n*h - 2*h, 5*m - 4*h - 665 = 0. List the prime factors of m.
7, 19
Let q(p) = 2*p**2 - 29*p + 47. Let d be 3 - (3 + (0 - 18)). List the prime factors of q(d).
173
Suppose 4184 = 23*l - 4142. List the prime factors of l.
2, 181
Let x = 194 + -107. Suppose 165 = 3*d - x. List the prime factors of d.
2, 3, 7
Suppose -32175 = -37*u - 3574. What are the prime factors of u?
773
Let m(k) = 2*k**2 + 16*k - 6. Let b be m(-8). Let v(x) = x**3 + 7*x**2 + 6*x + 3. List the prime factors of v(b).
3
Let n = -43 + 202. Suppose -3*q + 363 = 4*g, 2*g - q - n = 2*q. What are the prime factors of g?
3, 29
Suppose 0 = 81*c - 84*c + 1587. List the prime factors of c.
23
Suppose 0 = 4*d - 8*d - 12. Let r = 1 - d. What are the prime factors of r/(-6) + 112/6?
2, 3
List the prime factors of (7 - -3)*(-3)/(-6).
5
List the prime factors of 11148/10 + (1 - (-36)/(-20)).
2, 557
Let h be 1 + 3 - (-1 - -1). Suppose -5*w = -5*p - 15, h*p + 6 + 0 = 2*w. Suppose p*c - 49 = -c. What are the prime factors of c?
7
Suppose 3*w = 2*p - 446, 1 = 2*w + 5. Suppose 0 = -7*y + p + 165. List the prime factors of y.
5, 11
Let l = -153 - -230. Let x = 108 - l. What are the prime factors of x?
31
Let x(v) = -1065*v + 165. Let a(s) = 13*s - 2. Let c(d) = -165*a(d) - 2*x(d). Let k be c(-4). What are the prime factors of (7/(-14))/((-1)/k)?
2, 3, 5
Suppose 4*t - 2*t + 56 = -2*m, -116 = 4*m + 2*t. What are the prime factors of 5*-2*639/m?
3, 71
Let f = -9 + 28. Suppose l - f = 24. List the prime factors of l.
43
Let m(r) = r**3 - 5*r**2 + 4*r - 4. Let k be m(4). Let g be -2 - (1 + k + 1). What are the prime factors of (g - -12) + (-7 - -7)?
2, 3
Let q = 452 - -25. List the prime factors of q.
3, 53
Let c(w) = w**3 - 2*w**2 + 22*w + 24. What are the prime factors of c(11)?
5, 271
What are the prime factors of -7 + 450 - 6/(-2)?
2, 223
Suppose 0 = -7*o + 4*o + d + 293, 2*o - 5*d = 191. What are the prime factors of o?
2, 7
Suppose -h + 33 - 1 = 0. Let n be (h/(-12))/(2/(-3)). Suppose -36 = -4*z + n. What are the prime factors of z?
2, 5
Let o = 14 + -5. Suppose 4*a = o*a + 35. List the prime factors of a/(-1) - 3/(-3).
2
Let f = 503 + 259. What are the prime factors of f?
2, 3, 127
Let w(r) = -r - 5. Let a be w(-5). Suppose -19*n = 122 - 540. Suppose 3*m - 3*c - 6 = a, n = 4*m + 4*c - 18. What are the prime factors of m?
2, 3
Let q be (-4)/1*(-1)/2. Let v = q - -17. List the prime factors of v.
19
Suppose -2*d - 8382 = -5*i - 793, 2*i = 3*d + 3029. What are the prime factors of i?
7, 31
Let f(p) = -p**3 + p**2 - 1. Let u be f(-1). Let v(i) be the first derivative of 19*i**3/3 + i**2/2 - 2*i - 27. List the prime factors of v(u).
2, 3
Let q(n) = -n**2 + 9*n - 5. Let o be q(8). Suppose -o*l + 23 = -10. What are the prime factors of l?
11
Let c(q) = 4*q - 7. Let u be c(3). Suppose u*n = -127 + 392. List the prime factors of n.
53
Suppose -3*x + 5*w = -7124 - 874, -5*w = -15. What are the prime factors of x?
2671
Let o(q) = q + 1. Let m be o(1). Suppose 3*j + l = -69, 0*j - m*j - 51 = -l. Let v = j - -42. List the prime factors of v.
2, 3
Suppose 2005 = 10*x - 595. List the prime factors of x.
2, 5, 13
Suppose -5*g = u - 21308, 5 = 2*u - 1. List the prime factors of g.
4261
Let t = 27 - 39. What are the prime factors of (134/8)/(t/16 - -1)?
67
Let c = -19 - -15. Let m be 786/c*(-6)/9. Suppose 71 = 5*a - n - 119, m = 4*a - 5*n. List the prime factors of a.
3, 13
Let a = 0 - -25. Let m(p) = p**2 + 13*p + 10. Let b be m(-13). Let n = a - b. List the prime factors of n.
3, 5
Suppose k - 593 = 606. Suppose k = -7*x + 18*x. List the prime factors of x.
109
Let t be (31 + -1)*(-13)/(-39). Let d(w) = 10*w - 11. Let o be d(t). Let i = -35 + o. What are the prime factors of i?
2, 3
Suppose -13310 = 2*k - 13*k. List the prime factors of k.
2, 5, 11
List the prime factors of ((-24)/14)/((-4)/42).
2, 3
Let q = 1131 + 207. What are the prime factors of q?
2, 3, 223
Let r(u) = -32*u**3 - 7*u**2 - 9*u + 1. List the prime factors of r(-4).
1973
Let d be 10/(-4)*(-24)/15. Suppose 0 = -d*w - f + 18 + 202, f - 112 = -2*w. What are the prime factors of w?
2, 3
Let w = -94 + 144. Let k = -25 + w. List the prime factors of k.
5
Let m be (38/(-4))/((-1)/2). Let h = m + -12. Suppose -2*t + 27 = -h. List the prime factors of t.
17
Let f = -75 + 81. Let o(t) = 47*t + 29. What are the prime factors of o(f)?
311
Let b(s) = -s**3 + 18*s**2 - 6*s - 46. List the prime factors of b(14).
2, 3, 109
Let y = 279 - 109. Let a = y - 111. List the prime factors of a.
59
Suppose -5*p + 4*p = -q, -2*q + 3*p - 5 = 0. What are the prime factors of q/(-5) - (-141)/3?
2, 23
Let x = -3693 - -6673. What are the prime factors of x?
2, 5, 149
Let y be ((-85)/15 - -4)*(-3 + 0). Suppose y*g = 2